-1
6 + -1 + (-6 - -2) - -4
5
Calculate (1 - 4) + 2 + (9 - 7).
1
(11 - 23) + 0 + 7
-5
What is -2 + 2 + -2 + -3?
-5
0 + (-2 - 0 - -2)
0
What is the value of -1 + -2 - (-7 - (2 - 2))?
4
Evaluate 3 - ((-1 + 2 - 2) + 9).
-5
What is (1 - (0 - -3)) + 6?
4
What is 8 + (0 - 4) - (-5 + 9)?
0
Evaluate (-5 - (0 - 8)) + -4.
-1
What is (126 - 113) + -11 + -1?
1
Evaluate -8 + 5 + -4 - -7.
0
Calculate (-8 - (-12 - -9)) + 6.
1
Evaluate 2 - (-1 - (-5 - -4) - 3).
5
Evaluate (33 - 34) + (-1 - (0 + -4)).
2
Evaluate -2 + 11 + -3 - (-2 + 5).
3
What is the value of 3 - (-24 + 18 - (-2 + -1))?
6
Calculate -3 + (0 - -7) + -8.
-4
-2 + (5 - (1 + 1 - 1))
2
What is the value of 7 + 9 + -20 + 1?
-3
What is the value of -4 - (-1 - 2 - -3)?
-4
Evaluate (1 - 4) + (3 + 1 - -3).
4
Evaluate (-99 - -94) + 2 + 0.
-3
What is -6 - (2 + 0 - 6)?
-2
What is the value of -5 + 1 - -8 - 6?
-2
What is the value of 1 + -1 + 2 - (-4 + 6)?
0
-4 + 6 + -4 + 0 - 1
-3
-23 + 19 + -13 + 11
-6
What is (2 - 6 - 1) + 7?
2
-11 + (-6 - 0) + 13
-4
What is 1 + -5 - (-12 + 3)?
5
Evaluate 6 + -9 - (-8 + 2).
3
Evaluate -4 + 0 + -6 + 4 + 4.
-2
What is the value of 6 - (1 + (0 - -5))?
0
-10 + 12 - (1 + 0 - 0)
1
Evaluate 0 - (-1 - 3) - 0.
4
What is the value of -6 - (-3 - -3) - -3?
-3
What is (1 - (-2 - -5)) + 4?
2
Calculate 12 + (-4 - -4 - 14).
-2
Calculate 4 - (5 + -9 + 3).
5
What is -3 + (-2 - (4 + -2)) - -4?
-3
2 - 4 - (-6 + 1)
3
What is -3 + 2 - (-4 - -5) - -2?
0
What is (-2 - 0) + -1 + -1?
-4
What is the value of -16 + 15 + 1 + 0?
0
Calculate 25 + -23 - (4 - 1).
-1
What is the value of 8 + 0 + -8 + 0 - 6?
-6
Calculate (-14 - -7) + 8 + 2.
3
What is the value of 17 - 29 - (2 - 18)?
4
Evaluate -4 + 0 + -4 - -6.
-2
Calculate -21 - (-9 + 10 - 13).
-9
Calculate 9 - (2 + -8) - 8.
7
What is the value of 2 - (-5 + 13 - 18 - -5)?
7
Calculate 4 + -6 + (2 - 5).
-5
Evaluate 18 - 19 - (1 - 6) - 2.
2
Evaluate -9 - (-13 + 23 + -11).
-8
Calculate 4 + (-6 - (6 - 3 - 0)).
-5
Evaluate -4 + 5 + 2 + (-6 - 1).
-4
2 + -10 - (0 + -2 + -1)
-5
Calculate 17 + (-3 - (5 - (1 - 1))).
9
What is 3 + (-3 - (4 - 4))?
0
-4 - -4 - (8 - 9) - 6
-5
What is 7 + -6 + -9 + 2?
-6
Evaluate 16 + -13 - (1 - (0 - -2)).
4
Evaluate -19 + 10 + 9 + (-5 - -1).
-4
What is the value of -4 + 6 + (-2 - -2 - 5)?
-3
What is the value of -3 - (13 - 9 - 12)?
5
What is 2 + 2 + -2 + 1?
3
Calculate -6 + 0 + (2 - 0 - 6).
-10
What is the value of 5 - (15 + -3) - -2?
-5
-2 + 2 + (-6 - (-2 + -4))
0
-2 + (4 - (2 - -2)) + 7
5
Calculate 9 + -18 + (4 - 1) + 3.
-3
What is the value of (1 - -3) + -2 + -1?
1
(0 - -13) + -11 + 0
2
Calculate 34 - 32 - (-1 + (-3 - -2)).
4
What is the value of -2 + (9 - 0 - 4) + -11?
-8
Calculate 2 + (10 - 3 - 14).
-5
Evaluate 1 + -3 + 0 + 2 + 4.
4
Evaluate 0 - -1 - (2 - -2) - -7.
4
3 + -2 + -3 + -8 + 4
-6
What is 8 + 0 - (-2 + 3 + 2)?
5
-5 + 11 + 2 + -2 + -1
5
Evaluate 60 - 49 - (1 + 15).
-5
16 - (-4 - -13) - (1 + 3)
3
Calculate (-1 - 0) + 11 + -10.
0
Evaluate 0 + (0 - 6) + 7 + -3.
-2
What is the value of (0 - (-2 + 3)) + -1?
-2
What is the value of -3 + (12 - (-3 - -9))?
3
Evaluate 8 - (1 - -2) - 3.
2
What is (11 + 0 - -2) + -19?
-6
What is (10 - 14) + (0 - 1)?
-5
What is (7 - 13) + 1 + 3 - -3?
1
Calculate 1 + (-2 - (3 + -4 - 5)).
5
5 + -10 + (7 - (13 + -7))
-4
What is 4 - 15 - (-28 - -14)?
3
-2 + 0 + (1 + 6 - 5)
0
What is 11 - (-3 - (11 + -18))?
7
What is the value of -2 + (3 - 5) + 7 + -7?
-4
What is 6 + (9 - 8) - 11?
-4
What is 1 - (-1 + -3 + 5) - 1?
-1
2 + (-7 - -5 - 0) - -1
1
What is -1 - (2 - 4) - -1?
2
Evaluate -4 + (1 - -1) + 1.
-1
Calculate -5 - (-4 - 1 - -1).
-1
Evaluate 0 + (2 - -2) + -3 + -1.
0
Evaluate 6 - (6 - (-4 + 1)).
-3
What is the value of -3 + (-1 - -2) + -3?
-5
What is the value of -1 - (-6 - (-9 - -5))?
1
Calculate 2 + 6 + -3 - 4 - 6.
-5
Calculate -1 + (0 - (1 + 2)).
-4
What is the value of 5 + (8 + -7 - 2)?
4
(-9 - -22) + -10 + 1
4
What is the value of (2 - (-6 - -5)) + -8 - -15?
10
6 + 6 + -2 + -6 + 0
4
What is the value of -4 - (5 - (4 + 1))?
-4
What is the value of (-3 - (1 + -2)) + 6?
4
What is 1 + -2 - (-10 - -7)?
2
Calculate (6 + -2 - (6 - 4)) + -4.
-2
Calculate 6 - (2 + (-4 - -5)) - -1.
4
0 + 4 - -3 - (4 + -2)
5
What is -7 + -4 + (2 - (-2 + -1))?
-6
What is the value of 0 + 3 + -5 + -2?
-4
-3 - (-6 + 3 + (-8 - -3))
5
Evaluate 2 + -2 + -5 - -5.
0
Calculate (-13 - -10) + (-1 + 7 - 3).
0
What is the value of 2 + 2 + -2 + -7 + 10?
5
-3 - ((-4 - 4) + 1)
4
Calculate 0 + (2 + -3 - 2) + 1.
-2
What is the value of 13 + -4 + (5 - 8)?
6
Evaluate (41 - 46) + (-1 - 0).
-6
-2 - -11 - (-9 - (-23 + 9))
4
Calculate 3 - (4 - -3 - 4).
0
-1 - (2 + 0 - 1)
-2
What is the value of (3 - -1) + -3 + -1 + 5?
5
What is 9 + -7 + (7 - 6)?
3
-2 + 0 - (-2 - (-12 - -12))
0
Evaluate (10 + 0 - 4) + -5.
1
What is -4 - (-6 - (2 + -1))?
3
What is the value of 2 + -6 - (-4 + (-9 - -14))?
-5
What is 8 + 0 - (-46 - -52)?
2
-4 + (-3 - -7) + 4 - 6
-2
Evaluate (2 - 11) + 0 + 3 - -2.
-4
What is the value of -1 + (1 - 3 - -10) - 4?
3
(11 + -2 - -11) + -14
6
Calculate (-2 - -4) + -6 - (-1 + -12).
9
(4 - 9) + 0 - -6
1
What is -6 + 0 + (120 - 121)?
-7
Evaluate 5 - (7 - -6) - -18.
10
What is 7 + 10 + -14 - -2?
5
Calculate 8 + (3 - (7 - 9 - -6)).
7
Evaluate (3 + 0 - 11) + 5.
-3
-8 - (1 + -2 - 3)
-4
-2 + (0 + 0 - 3)
-5
Evaluate (10 - 1) + (15 - 21) - 4.
-1
What is the value of 10 + -4 + -9 - (-5 - 1)?
3
Calculate -2 + 1 + -1 - (2 + -4).
0
Evaluate 4 - ((1 - 3) + 0 - 0).
6
Evaluate (15 + -9 - 8) + 6.
4
Evaluate 7 + 2 - ((1 - 3) + 6).
5
What is -9 - (15 + -6 + -5) - -5?
-8
What is (5 - 7) + 1 - 4?
-5
What is the value of 1 + 1 - (4 - (16 + -13))?
1
Calculate 4 + -19 + 4 - -15.
4
What is -8 + 10 + (1 - 3) + 6?
6
(-13 - (-3 + -1)) + 2
-7
Calculate -8 - 1 - (16 - 20).
-5
What is the value of 1 + 1 + -5 - (-2 + -2)?
1
What is 1 - (3 + (-1 - -2) + 2)?
-5
Calculate -5 + 10 + -7 - 1.
-3
3 - ((7 - 7) + -2 + 2)
3
What is the value of 0 - (4 - 8 - (-4 - 0))?
0
Evaluate 6 - (0 + 8 + -8).
6
(-7 - (-9 - -3)) + 2
1
Evaluate 5 + -3 - 2 - 1.
-1
What is the value of -2 + (2 - -9) - (-8 - -12)?
5
What is 3 + (3 - (0 + 1))?
5
Calculate 4 - 1 - (3 - (-1 + 4)).
3
What is the value of 5 - (-1 + 3 + 1)?
2
(-20 - (-3 + -6)) + 8
-3
What is the value of 0 + -3 - ((-7 - -6) + -5)?
3
0 + -2 + (2 - 5) + 4
-1
What is 1 + 2 - (-4 + 2)?
5
Evaluate -5 + (5 - -1 - (20 - 18)).
-1
What is the value of (14 - 9 - 9) + 8?
4
0 - 4 - (-9 + (0 - -4))
1
What is 0 - (1 - 0) - (-11 + 6)?
4
What is the value of -21 + 20 + 1 + 1 - 6?
-5
What is the value of 11 - ((6 - 3) + 4 + -1)?
5
What is the value of 2 + -15 + 9 + (5 - -1)?
2
What is the value of 9 + -7 + -2 + 0 + -1?
-1
(7 + -4 - 16) + 7 + 4
-2
What is the value of -4 + -1 + 0 + 0 + 1?
-4
Calculate (4 - 11) + 6 + -5.
-6
What is the value of -3 + (8 - 4) - -2?
3
-2 + (-5 - -18) + -14
-3
Evaluate 10 + (14 - 33) + 1.
-8
2 + -2 + (2 - 5) + -1
-4
What is the value of (0 - (0 + 3) - -4) + 0?
1
Calculate 3 - 10 - ((-9 - -4) + 3).
-5
1 + 4 + (7 + -4 - 5)
3
What is the value of -3 - (1 - 0 - (0 - -4))?
0
(24 - 25) + -2 + 2
-1
What is -8 + 1 + -1 + -26 + 28?
-6
What is the value of -5 + 11 + -3 + (1 - 5)?
-1
What is the value of (-11 - -10) + -10 - -11?
0
What is (-4 - -5 - -5) + -4?
2
Evaluate -4 + -2 + -1 + 3 + 0.
-4
What is -60 + 61 + (-7 - 0) - -15?
9
What is (3 - 13) + (6 - (-8 - -11))?
-7
What is 5 + (-12 - -9 - (1 + -4))?
5
What is 2 + 2 + -11 - (-14 + 12)?
-5
0 - (3 - (2 - -3))
2
What is -1 + (0 - -1) + (0 - -3)?
3
Evaluate 4 + -5 + 2 - (13 + -12).
0
What is (-2 - -7) + (-4 - -3)?
4
What is -9 - 14 - -15 - (1 - 3)?
-6
Calculate 0 + -1 - (-9 + -2 + 5).
5
What is 3 - (10 - 10 - (2 - 5))?
0
What is the value of (-30 - -31) + (1 - 7)?
-5
1 + 5 - (-1 + 2) - 8
-3
Evaluate 4 + (2 - 10) - -2.
-2
1 - (-3 + -5 + 3)
6
Evaluate -1 + -2 - -4 - (-6 + 4).
3
What is the value of 5 - (5 + -3 + (1 - 2))?
4
What is 1 + (6 - (19 - 8))?
-4
Evaluate (17 - (1 + 10)) + -3.
3
What is the value of -2 + (6 - -3) - 7?
0
(-5 - -7 - -6) + 5 + -4
9
-1 + (-5 - -3 - -4) + 2
3
(5 - (-4 - -6)) + -8
-5
Calculate (0 - -15) + -15 + 0 + -4.
-4
Evaluate -2 + 4 + -1 + 0.
1
Calculate 5 + 0 + -6 + -5 + 8.
2
Calculate -3 + 1 - (27 + -25).
-4
What is the value of -1 + (7 - 2) + (2 - 2)?
4
Evaluate -2 - (-4 + 0 - (-7 - -6)).
1
Evaluate (11 - 2) + (-9 - -4).
4
4 + (0 - 5) - -4
3
Calculate 16 + -11 - 7 - (-